 + 8*x**2 + 7 + 6*x**2. Let z(h) = -3*g(h) - 5*v(h). Determine z(-1).
-7
Let r(w) = 4*w**3 + 3*w**2 + 4*w. Let u(c) = -2*c + 2. Let q be u(3). Let n(b) = 5*b**3 + 2*b**2 + 3*b - 1. Let d(l) = q*r(l) + 3*n(l). What is d(-5)?
7
Suppose 4*h - 6 = 10. Let y(n) = -2*n + 3. Let r be y(h). Let u(j) = -j**3 - 6*j**2 - 5*j + 1. Give u(r).
1
Suppose 0 = -4*p + 3*p - 3. Let l(c) = -c**3 - 5*c**2 - c + 3. Calculate l(p).
-12
Let q = 14 - 11. Let n(v) = -v**2 + v. Give n(q).
-6
Let v(f) = f**2 + f - 2. Let r be 30/(-4)*6/(-5). Suppose 2*u - r = -5. Determine v(u).
4
Suppose -5*g + 6 = -14. Suppose -g*v = -v - 24. Suppose -2*i - 2 = -v. Let n(u) = -u**3 + 3*u**2 - 2*u + 1. What is n(i)?
-5
Let w(l) = -l. Let n(d) = 8*d - 2. Let x(c) = -n(c) - 6*w(c). What is x(5)?
-8
Let u(s) = -s**2 - 5*s + 7. Suppose 2*v + 26 - 16 = 0. Calculate u(v).
7
Let n(z) = z**3 - z**2 - z - 11. Let c = 43 - 30. Let d(i) = i**3 - 14*i**2 + 12*i + 13. Let u be d(c). Give n(u).
-11
Let j be (0 - -3)/(1 - 0). Suppose j = -2*o - 1. Let v(w) = w**2 + 5*w + 1. Determine v(o).
-5
Suppose 6 = -3*w - 2*c - 7, -4*w - 4*c - 16 = 0. Let p(s) = -s**2 - 6*s + 6. Calculate p(w).
11
Let z(p) = -p**3 + 3*p**2 + 5*p - 5. Suppose -5 - 3 = -4*c. Suppose 6 = 2*q - 0*n - 2*n, 2*n = c. Give z(q).
-1
Let v(s) = -s - 5. Let f be v(-4). Let r(y) be the first derivative of y**4/4 - y**2 - 2. Let a(t) be the second derivative of r(t). Determine a(f).
-6
Let y(g) = g**3 + 8*g**2 + 7*g - 4. Let r = -48 + 41. Calculate y(r).
-4
Let a(h) = -3*h + 3. Suppose -6*j + 2 = -4*j. Let q be 4 + (-2 - 1) + j. Determine a(q).
-3
Suppose 0*g - 6 = 2*g. Let j(k) = k**2 + 6*k + 1. Let m be j(-6). Let t(f) = 5 - m - 6*f**2 + 5*f**2. Calculate t(g).
-5
Let p(n) = -n. Suppose y + 30 = 5*w - 1, 0 = 3*y + 4*w - 2. Let t = y + 8. Let x be 2 - t/(-1*2). What is p(x)?
-3
Let q = 23 - 20. Let w(g) be the second derivative of 5/6*g**q + g + g**2 + 1/12*g**4 + 0. What is w(-3)?
-4
Let p(g) = -10*g**2 - 14*g - 21. Let x(r) = 2*r**2 + 3*r + 4. Let k(f) = 2*p(f) + 11*x(f). Give k(-3).
5
Let k(o) = o**3 - 4*o**2 - 6*o - 2. Let p be 30/(-7) - (-4)/14. Let w(q) = -2*q - 3. Let c be w(p). Calculate k(c).
-7
Let r(h) = 9*h**3 - 2*h**2 + 2*h - 1. Let a = -19 + 20. Calculate r(a).
8
Let x = -7 + -13. Let f be 9/5*x/(-6). Let u(k) = 2*k - 2. What is u(f)?
10
Let x = -1 + 3. Suppose x*p + 5 = v + 2, -24 = 4*v + p. Let y(l) = l + 3. Determine y(v).
-2
Let o be 45/(-6)*(-2)/(-3). Let g(x) = 0 - 7*x - 6 - 8*x**2 + 2*x**2 - x**3. Calculate g(o).
4
Suppose -18 = 2*h - 8*r + 3*r, -3*h + 4*r - 13 = 0. Let c(s) = 22*s**3 - s**2 + s - 1. Calculate c(h).
21
Let f(q) = 6*q**2 + 6*q - 2. Let o(j) be the second derivative of -j**4/12 - j**3/6 + 2*j. Let c(g) = f(g) + 5*o(g). Give c(2).
4
Suppose 0 = -3*r + 6*r + 15. Let n(o) = -o - 2. Let p be n(-6). Let i(y) = y + 0 + 0 + p. Calculate i(r).
-1
Let x(u) be the second derivative of -u**5/60 + u**4/6 + 2*u**3/3 - 7*u**2/2 - 2*u. Let k(w) be the first derivative of x(w). Determine k(4).
4
Suppose -7*f - 7 = 14. Let h(q) = -q**3 - q**2 + q - 4. Determine h(f).
11
Let r(q) = -q**2 - 10*q + 4. Let y(l) = -5*l**2 - 40*l + 17. Let z(t) = 9*r(t) - 2*y(t). What is z(11)?
13
Let y(m) = m. Let z(a) = a + 6. Let s be z(-6). Suppose -5*l - 5 + 0 = s. What is y(l)?
-1
Let r(p) = p**2 + p + 1. Let k be 2/(-3) - (-90)/(-27). Determine r(k).
13
Let k(h) = h**2 + h - 2. Let m(j) = -3*j**2 - 2*j + 6. Let y(v) = 7*k(v) + 2*m(v). Determine y(-5).
8
Let g(m) = m + 7. Let w be ((-2)/(-6))/(4/36). Suppose 4*q + 20 = 5*l, -w*q - 20 = -2*q - 5*l. Determine g(q).
7
Let z(i) be the second derivative of -i**4/6 + i**3/2 + 3*i**2/2 + 7*i. Determine z(-2).
-11
Let v be 2*(-4 - -3 - -2). Suppose -v = -3*z + 1. Let x(k) = k + 1. Determine x(z).
2
Let o(q) = -5*q. Let l = -5 + 4. Give o(l).
5
Let x(h) be the third derivative of -h**6/720 - h**5/30 + h**4/8 - h**2. Let o(c) be the second derivative of x(c). Determine o(-6).
2
Let c(f) be the first derivative of -f**2/2 - 5*f + 5. Give c(4).
-9
Let u(r) = 5*r**3 + 4*r**2 - 4. Let l(p) = -p**3. Let j(f) = 4*l(f) + u(f). What is j(-4)?
-4
Let f(o) = o**3 + 14*o**2 - 31*o + 16. Let w be f(-16). Let k(t) = -t + 16. Give k(w).
16
Let r(l) = -l**3 + 5*l**2 - 2*l - 3. Let b = -10 + 1. Let q = 13 + b. Suppose -t + 0 = -q. Calculate r(t).
5
Let r(l) = -l**3 - 15*l**2 - 13*l + 10. Let n(k) = -3*k**3 - 44*k**2 - 38*k + 29. Let i(p) = 6*n(p) - 17*r(p). Give i(-8).
-4
Let h(l) = -l**2 + 6*l - 4. Let i(z) = 5*z + 37. Let s be i(-6). Give h(s).
-11
Suppose 3 = 4*k - 21. Let w(z) = -2*z + 7. Calculate w(k).
-5
Let m be 2 - (1 - 1/(-1)). Let d be m - 12/3 - -6. Let p(z) = -z**2 - 2*z + 2. Calculate p(d).
-6
Let t be ((-9)/21 - 0) + 31/7. Suppose -4*l - 4*b = -36, -l + 2*l - 5*b = -21. Let d(o) = -3 + l*o - o**2 + 2*o - o. Give d(t).
1
Suppose -i = -4*i + 9. Let k(n) = -n**3 + 2*n**2 + 2*n + 3. Let g be k(i). Let v(l) = -1 + 0*l + g*l + l. Calculate v(-2).
-3
Let l(q) = -q - 2*q + 0*q - 4. Determine l(-4).
8
Let k = 139 + -140. Let n(j) = 8*j**2 - 1. Determine n(k).
7
Let i(g) = g - 5*g - 4*g**2 - 2 + 0. Let u be (-5)/(-10)*1/(3/(-12)). Determine i(u).
-10
Let d(u) = -9*u - 5. Let h(x) = -4*x - 2. Let g(m) = 3*d(m) - 7*h(m). Calculate g(-5).
-6
Let p(y) = 179*y - 92*y - 73*y. Give p(1).
14
Let h = 4 + -4. Let l(b) = 7 - 1 - b - 72*b**3 + 71*b**3. Give l(h).
6
Let x(w) be the second derivative of -w**8/840 - w**7/1260 + w**5/120 + w**4/3 - 2*w. Let b(a) be the third derivative of x(a). What is b(-1)?
7
Suppose 4*d + 5 = -19. Let n be 10/15*d/(-4). Let k(b) be the second derivative of -b**4/12 - b**3/6 - 3*b. Determine k(n).
-2
Let d(h) = -3*h**3 + 4 - 5*h**2 + 2*h**2 + 2*h**3. Suppose -21*i + 14*i = 21. What is d(i)?
4
Suppose -5*q + 1 = -14. Let u(h) = -h + 4*h + 3*h**3 - 3*h**3 - 1 - 2*h**q. Determine u(2).
-11
Let b(v) be the first derivative of -2*v**2 - 1/3*v**3 + v - 3. What is b(-5)?
-4
Let w = 56 - 69. Let l(u) = -u**3 - 13*u**2 + 2. Calculate l(w).
2
Let l(m) = 2*m**3 - 2*m**2 + 1. Let j be 4/24 + 82/12. Let b(p) = -p + 9. Let h be b(j). Calculate l(h).
9
Let i(p) be the first derivative of p**3/3 + 11*p**2/2 + 5*p + 22. Determine i(-6).
-25
Let q(r) = r - 3. Let c = -1 + -4. Calculate q(c).
-8
Let t(y) = -4*y**3 + 4*y**2 - 7. Let q(i) = i**3 + 1. Let j(m) = 3*q(m) + t(m). Calculate j(3).
5
Suppose 2*s - 4*s = 0. Let r(k) = k**3 + k**2 + k. Give r(s).
0
Suppose -2*q = -2*n + 6*n + 8, 3*n + 11 = q. Let z(g) = -6*g + 0*g**q - g + g**2 + 0 + 1. Give z(5).
-9
Let g be -7 + 4 - (0 - 7). Suppose g*h - 12 = -4*z, h + 5*z + 1 = -0*h. Let w(t) = -t. What is w(h)?
-4
Let i(b) = -b**2 + 8*b - 2. Suppose 19 = 5*j + 4*p, 0*p = 4*j + 2*p - 14. Calculate i(j).
13
Let c(w) = -w**3 - 9*w**2 - 10*w - 14. Let r be c(-8). Let y(p) = p**3 - 3*p**2 + 3*p - 1. Calculate y(r).
1
Let t(z) = -z**3 + 7*z**2 + 9*z - 5. Let d be t(8). Let i(n) = -2*n - 7 + n**d + n + 3*n + 0*n**3 + 6*n**2. Determine i(-5).
8
Let z be 3 + -1 + (4 - 3). Let h(u) = 3*u**2 - 4*u + 5. Let d(a) = 2*a**2 - 3*a + 4. Let r(w) = z*h(w) - 4*d(w). Let b be (-2)/((-8)/(-3) + -2). What is r(b)?
8
Let u(x) = 2*x**2 - 4*x**2 - 5*x + x**2 - 3. Let o(h) = 3*h - 7. Let g be o(8). Suppose 0 = -5*i - g - 3. Determine u(i).
1
Let i(v) = 4*v + 1. Suppose -4*r = -5*h - 17, 0*h - 5 = h. What is i(r)?
-7
Let o(z) be the third derivative of -z**6/120 - z**5/10 + z**4/8 + z**3/6 - 30*z**2. Calculate o(-6).
-17
Let f(p) = p**2 + 5*p - 7. Suppose 8*i + 35 = 3*i. Determine f(i).
7
Let h(o) = -o. Let w be 2 + (3 + -2 - -8). Let c(p) = 5*p - 1. Let l be 3*((-1)/3 + 1). Let b(r) = l*c(r) + w*h(r). Give b(-4).
2
Let h = 87 + -97. Let n(b) = -b**2 - 10*b + 1. Calculate n(h).
1
Let p(k) be the third derivative of -k**4/24 + k**3/3 + k**2. Let z be 27/(-6)*(0 - -2). Let h be 3/z - (-5)/15. Calculate p(h).
2
Let d(c) = c**3 + 8*c**2 - 9*c - 7. Let k be d(-9). Let f(o) = -o**2 - 5*o + 10. Let i be f(k). Let t(s) = -4*s**2 - s**3 - 3 - s - 4*s - s**2. What is t(i)?
1
Let l be -1 - -5*(3 - 2). Let s(d) = d + 1. Let q(o) = o + 9. Let v(b) = q(b) - 4*s(b). What is v(l)?
-7
Let c be ((-14)/(-21))/(2/18). Let i(m) = -m + 10. Let x be i(c). Let r(z) = -z**2 - 2*z**2 + z - 3 - 6*z + z**3. Give r(x).
-7
Let r(j) be the first derivative of -j**3/2 - 3*j**2 + 4*j + 3. Let i(t) be the first derivat